se 9, what is -23 + -100?
-123
In base 13, what is -23 - 3?
-26
In base 10, what is -687 + 0?
-687
In base 14, what is -3 + d5?
d2
In base 10, what is 11 - 415?
-404
In base 11, what is 0 + -2a5?
-2a5
In base 15, what is -2 + 32?
30
In base 9, what is 2 + -120?
-117
In base 4, what is 11 - -103100?
103111
In base 15, what is 0 + -5?
-5
In base 13, what is -1 - 10a?
-10b
In base 6, what is 11244 + -4?
11240
In base 10, what is 58 + 4?
62
In base 12, what is 5 + 1726?
172b
In base 12, what is 2309 + -5?
2304
In base 8, what is -4 + -11365?
-11371
In base 13, what is 58 + -3?
55
In base 4, what is -113 + -3?
-122
In base 6, what is 4 + 253?
301
In base 8, what is 6 - 0?
6
In base 4, what is 2 + 10000?
10002
In base 3, what is 200022 + 12?
200111
In base 3, what is -11200002 - -1?
-11200001
In base 5, what is 0 + 1233?
1233
In base 5, what is 213 - 110?
103
In base 2, what is 1011000 - -100?
1011100
In base 3, what is 10122011 + 11?
10122022
In base 12, what is 184 - 49?
137
In base 6, what is 101 + -4?
53
In base 7, what is -16 + 61?
42
In base 13, what is 0 - -11?
11
In base 5, what is -1 + -4122?
-4123
In base 10, what is 908 - -1?
909
In base 14, what is -5 - -2b?
26
In base 4, what is -330 - 0?
-330
In base 3, what is -11022 - 20?
-11112
In base 4, what is 1 - 33201?
-33200
In base 14, what is -7 - -1b?
14
In base 2, what is 11 + -10011?
-10000
In base 16, what is 36 + 1?
37
In base 3, what is 122 + 1?
200
In base 14, what is -1ac - -2?
-1aa
In base 8, what is 140 + -4?
134
In base 4, what is 2210 - 33?
2111
In base 6, what is -1 + -201?
-202
In base 7, what is -5200 - 2?
-5202
In base 14, what is -16 + -79?
-91
In base 6, what is 5 - -23002?
23011
In base 16, what is -6 - 19?
-1f
In base 16, what is -8e7 - -5?
-8e2
In base 16, what is 2c + 7?
33
In base 3, what is 121120 - 112?
121001
In base 8, what is 0 + 3271?
3271
In base 2, what is 11 + 1000111111?
1001000010
In base 16, what is 2 + 128?
12a
In base 2, what is 100 - 111101?
-111001
In base 12, what is 5 + -82?
-79
In base 10, what is 1 - 74?
-73
In base 12, what is a0 + 5?
a5
In base 13, what is -62 + -13?
-75
In base 3, what is -11210011 - 2?
-11210020
In base 5, what is -1 + -13130?
-13131
In base 11, what is -72 - 7?
-79
In base 11, what is 38 - 12?
26
In base 11, what is 8 - -36?
43
In base 2, what is -110110101010110 - 11?
-110110101011001
In base 12, what is -13 - -6?
-9
In base 7, what is -2611 - -4?
-2604
In base 16, what is -1217 - 4?
-121b
In base 14, what is 0 - 33?
-33
In base 9, what is 3 - 43?
-40
In base 2, what is -1110 - -1010100?
1000110
In base 3, what is 0 - 2021220?
-2021220
In base 12, what is 58 - -12?
6a
In base 4, what is -13 - 3?
-22
In base 3, what is -200 - -1220?
1020
In base 16, what is 15a - -1?
15b
In base 15, what is -1 + -28dc?
-28dd
In base 7, what is -3 + 1340?
1334
In base 15, what is -4a3 + 5?
-49d
In base 11, what is -161 + 6?
-156
In base 12, what is 42 + 95?
117
In base 9, what is -155 - -8?
-146
In base 12, what is -12 - 406?
-418
In base 10, what is -6 - -612?
606
In base 7, what is 506 + 1?
510
In base 8, what is 3 + 7305?
7310
In base 14, what is -6 + -b93?
-b99
In base 12, what is 477 + 4?
47b
In base 7, what is 112 - 11?
101
In base 15, what is -1 - 3?
-4
In base 8, what is 5 + -303?
-276
In base 8, what is 256 - 4?
252
In base 3, what is 112 - 22?
20
In base 3, what is -2212 + -102?
-10021
In base 11, what is -14 + 8a0?
887
In base 13, what is -140 + 2?
-13b
In base 9, what is 0 + -407?
-407
In base 14, what is 1 - -b9?
ba
In base 7, what is -3 - -3211?
3205
In base 7, what is -1520 - -65?
-1422
In base 15, what is 4 - -262?
266
In base 3, what is -12 - 112?
-201
In base 6, what is 3 + 2532?
2535
In base 8, what is -13444 + 5?
-13437
In base 10, what is 430 + 1?
431
In base 7, what is 4 + -243?
-236
In base 6, what is -23503 + -2?
-23505
In base 6, what is 2001 - 1?
2000
In base 15, what is 2 + -13d?
-13b
In base 10, what is 1854 - -11?
1865
In base 3, what is 0 - -11112?
11112
In base 3, what is 200 - -2221?
10121
In base 14, what is -3 + 13ca?
13c7
In base 4, what is -103102 - -10?
-103032
In base 6, what is 154 - -15?
213
In base 7, what is 1 - 2143?
-2142
In base 15, what is 2 - -12a?
12c
In base 11, what is 75a8 - -2?
75aa
In base 3, what is 10010202 - -12?
10010221
In base 9, what is -82 + -23?
-115
In base 16, what is -7 + -8e7?
-8ee
In base 2, what is -10010111011 + -101?
-10011000000
In base 4, what is 1132030 - -1?
1132031
In base 12, what is 4 - -2517?
251b
In base 14, what is 136 + 4?
13a
In base 15, what is -c + 7b?
6e
In base 13, what is -6a - 110?
-17a
In base 16, what is -f - 5?
-14
In base 7, what is -1060 + -3?
-1063
In base 15, what is 3a7 + 3?
3aa
In base 11, what is -4 - -5a?
56
In base 10, what is -9 + 393?
384
In base 10, what is 0 - -13?
13
In base 2, what is 11001100 + 0?
11001100
In base 11, what is 1 + 636?
637
In base 15, what is -1773 + 6?
-176c
In base 15, what is -18 - -7bc?
7a4
In base 16, what is f - d2?
-c3
In base 2, what is 110001 + -11?
101110
In base 15, what is -1 + -174?
-175
In base 10, what is 5 - 795?
-790
In base 13, what is 3c - 4?
38
In base 8, what is -5 + -25?
-32
In base 4, what is -113 - 1?
-120
In base 14, what is -4 + -920?
-924
In base 7, what is 6042 + 2?
6044
In base 15, what is 2e + 104?
133
In base 14, what is 1 + 49?
4a
In base 10, what is -3 + 453?
450
In base 12, what is 1864 + 2?
1866
In base 9, what is 5 - -88?
104
In base 11, what is -68 + 3?
-65
In base 6, what is -3 + -55?
-102
In base 8, what is -5 - -1556?
1551
In base 7, what is -4 + -1064?
-1101
In base 16, what is -1c + 7?
-15
In base 8, what is 1 - 10?
-7
In base 2, what is 1000100 - -1001?
1001101
In base 15, what is -44 - -4d?
9
In base 10, what is 3 - -40?
43
In base 16, what is -4 + -375?
-379
In base 2, what is -1 + -1?
-10
In base 14, what is -6 + 3?
-3
In base 13, what is 18ab + -3?
18a8
In base 16, what is -8cc - -3?
-8c9
In base 7, what is 51 - -346?
430
In base 7, what is 3 + -14333?
-14330
In base 9, what is 772 - 2?
770
In base 10, what is 5 - 20?
-15
In base 11, what is -4 + -134?
-138
In base 15, what is -28c - 2?
-28e
In base 14, what is -3d5 + 20?
-3b5
In base 16, what is -4015 - 0?
-4015
In base 10, what is 28 + -7?
21
In base 10, what is -40 - -37?
-3
In base 11, what is -4 + -37?
-40
In base 2, what is 10100000 - -100?
10100100
In base 13, what is 5 - 41?
-39
In base 7, what is -6 + 4531?
4522
In base 10, what is -13 - 426?
-439
In base 14, what is 13 + 0?
13
In base 15, what is -1c + -b?
-28
In base 3, what is 102 + -22?
10
In base 13, what is -3451 + -2?
-3453
In base 4, what is -220120 + 3?
-220111
In base 10, what is -184 + 0?
-184
In base 11, what is -16 - 515?
-530
In base 5, what is -411 + 4?
-402
In base 10, what is 694 + -10?
684
In base 7, what is -205 - -4?
-201
In base 10, what is -116 + 2?
-114
In base 16, what is 51 - 1?
50
In base 12, what is -5 + 189?
184
In base 7, what is 124 - -2?
126
In base 3, what is 2 - 22?
-20
In base 2, what is -10 - -11010?
11000
In base 13, what is -1a7 + -4?
-1ab
In base 9, what is 1 - -17?
18
In base 11, what is -19 - -23?
5
In base 13, what is 3 - -b1?
b4
In base 11, what is -35 - 9?
-43
In base 7, what is 2256 - 10?
2246
In base 11, what is -926 - -6?
-920
In base 14, what is -2 + -51?
-53
In base 7, what is -53 + -11?
-64
In base 11, what is 2 + -89?
-87
In base 9, what is -23 - -5?
-17
In base 10, what is -3 + 675?
672
In base 11, what is -13 + -8?
-20
In base 7, what is 51 + -12?
36
In base 12, what is -6 + 23a?
234
In base 4, what is -131313 + 3?
-131310
In base 15, what is d7 + -63?
74
In base 7, what is -41 - 265?
-336
In base 12, what is 268 + 4a?
2b6
In base 15, what is -3 + -10c?
-110
In base 4, what is -20 + -32?
-112
In base 15, what is -7 + -1?
-8
In base 14, what is -2 + -387?
-389
In base 3, what is 0 + -22022?
-22022
In base 15, what is -6 + -82?
-88
In base 6, what is 1 + 3551?
3552
In base 11, what is 42 - 28?
15
In base 13, what is 27b6 - 2?
27b4
In base 3, what is -2 - -200211?
200202
In base 9, what is 3036 + -6?
3030
In base 2, what is -11000111111 - 110?
-11001000101
In base 13, what is 4 - -12c?
133
In base 9, what is -1 - -570?
568
In base 5, what is -241 - 10?
-301
In base 13, what is 48 + 5?
50
In base 9, what is 35 - 530?
